
Let z(x) = x**2 - x - 4. Let m(f) = 3*f. Let b be m(1). Let i be z(b). Let w(l) = l - 5*l + i*l. Calculate w(2).
-4
Suppose -4*o = -n - 12 - 6, 5*o = -3*n - 3. Let r(w) be the second derivative of w**4/12 + w**3 - w**2 + 5*w. Calculate r(n).
-2
Let k(g) = g**2. Let n(o) = o**3 - 3*o**2 - o - 2. Let w(q) = -4*k(q) - n(q). Let d be 4/6 - (-28)/12. Let j be (d + -3)/3*-1. Calculate w(j).
2
Suppose 2*d = 4 + 2. Let m(x) = x**3 - 4*x**2 + x - 2. What is m(d)?
-8
Let l(q) = q**2 + 3*q - 1. Let s be l(0). Let v be 6/(-27) + 56/9. Let g = s + v. Let i(y) = y**3 - 6*y**2 + 4*y. Give i(g).
-5
Let b = 5 + -9. Let d be 30/b*(-8)/12. Let c(a) be the first derivative of a**3/3 - 3*a**2/2 - 3*a + 6. Determine c(d).
7
Let h be ((-2)/4)/(8/48). Let v be (2 + h)*(-1 - 0). Let z(l) = -6*l**2 - l + 1. What is z(v)?
-6
Let f = -17 + 24. Let l be (0/f)/(1*-2). Let i(k) = -k + 2. Give i(l).
2
Let h = -15 + 11. Let y(v) = v**2 + 6*v - 5. Give y(h).
-13
Suppose w = -3*y + 12, y + 1 = -2*w - 0. Let d(k) = 2*k + 2. Calculate d(w).
-4
Let p = 4 - 0. Let f(t) = p*t**3 + 0*t**3 + 5*t**2 - 5*t**3 + 2*t**3. Calculate f(-5).
0
Let d(k) = -2*k + 10 - k + 2*k. Let b(v) = -v**3 + 4*v**2 + 7*v - 5. Let f(o) = o**2 - 4*o. Let c be f(5). Let u be b(c). Calculate d(u).
5
Let u(p) = -p**3 - 22*p**2 + 22*p - 30. Let k be u(-23). Let b be 1/2 - 38/4. Let i = b - k. Let c(t) = -t**3 - 4*t**2 + 2. Calculate c(i).
-6
Let z(u) = -u + 7. Let w be z(7). Suppose w*r - 4*r + 4 = 0. Let j(l) = 6*l - r - l - 4*l. Calculate j(-5).
-6
Let h(n) = -n**3 - 2*n**2 - n - 2. Suppose -5*d + 7 = -3. Suppose -3*l + l = -2*g + 8, d*l + 6 = g. Determine h(l).
0
Let b(h) = h + 7 - 4*h + h**3 + 3*h. Determine b(0).
7
Let r(q) = -4*q**2 + 6*q**2 + 2*q - 3*q**2 - 4*q. Calculate r(2).
-8
Let y(p) = p**2 - 6*p - 6. Let g(m) = m**3 - 5*m**2 - 2*m - 16. Let a be g(6). Give y(a).
10
Suppose -4*f + 2*f + 11 = i, -7 = -4*f + i. Suppose -4*t + 3 = -f*t. Let j(a) = t*a**3 + 0*a**3 - 1 + 0. Calculate j(-1).
-4
Let f(s) = -s**3 + s**2 + 3*s + 1. Let a(y) = 2*y**3 - 2*y**2 - 1. Let p be a(2). Suppose -p - 5 = -4*l. Determine f(l).
-8
Let k(q) = -q + 16. Suppose -5*s + 40 = -0*s. What is k(s)?
8
Suppose 0 = -3*x - 2*x + 5. Let s(h) be the second derivative of -h**7/140 + h**4/24 - h**3/3 - h. Let m(v) be the second derivative of s(v). Determine m(x).
-5
Let u(s) = s**3 - 2*s**2 - 5*s + 2. Let d be (-1)/(-4 - (-11)/3). Give u(d).
-4
Let f = 1 - 12. Let j(q) = 6*q**3 + 5*q**2 + 16*q. Let w(m) = -m**3 - m**2 - 3*m. Let u(s) = f*w(s) - 2*j(s). What is u(1)?
1
Let h(r) be the second derivative of -3*r**5/10 - r**4/12 + r**2/2 - r. Let o = 29 - 28. Give h(o).
-6
Let f(h) = h**3 - 6*h**2 + 2*h - 7. Let r be f(6). Let y = 0 + r. Suppose 6*w = y*s + 2*w + 16, -2*w + 8 = 0. Let a(l) = l**3 + l + 4. Calculate a(s).
4
Let i(g) = 1 - 9*g**3 + 0*g - g + 2*g. Let t be ((-6)/(-18)*3)/(2 + -3). Determine i(t).
9
Let u(q) = -q**3 + 6*q**2 - 3. Let o(j) = -j**3 - 8*j**2 - 8*j - 9. Let p be o(-7). Let c(h) = -h**2 - h + 1. Let s(d) = p*c(d) - u(d). Determine s(3).
-2
Let k(z) be the first derivative of z**2/2 - 3*z - 4. What is k(6)?
3
Suppose q + 2*q + 4*a + 24 = 0, 0 = -5*q - 3*a - 51. Let n be -12*(0 - (-4)/q). Let p(b) = b**3 - 3*b**2 - 2*b - 3. Calculate p(n).
5
Let f = 10 + -14. Let q(u) = u**3 + 3*u**2 - 2*u - 3. Determine q(f).
-11
Let p(n) = -5*n**2 + 8*n + 2. Let w(u) = 9*u**2 - 15*u - 3. Let c(h) = -7*p(h) - 4*w(h). Determine c(6).
-14
Suppose 4*z + q = 3, -3*q - 34 = -4*z - 11. Let y be -2 - (1 + (-2)/z). Let l(x) = 2*x**2 - 2*x - 2. Calculate l(y).
10
Suppose -3*j = -8*j - 25. Let z(v) = -v**2 - 5*v + 3. What is z(j)?
3
Let n(l) = l**2 + 3*l - 3. Suppose 0*y + 3*y - 3*u + 30 = 0, -4*y - 54 = 3*u. Let d = y - -18. Suppose f = -4*h - 0*h + 8, -3*f = 2*h + d. Calculate n(f).
1
Let t(i) = -2*i - 2. Suppose 3*z + z - 64 = -d, 0 = -5*z - 2*d + 80. Suppose -3*q = 4*g + 38, 3*q - 2*q + 2*g + z = 0. Determine t(q).
10
Let g = 240 + -235. Let p(x) be the third derivative of -x**4/12 + 5*x**3/6 + x**2. What is p(g)?
-5
Let z(w) = -2*w**2 + 3. Let c(u) = -3*u**2 - u + 5. Suppose -5*g + 2*g + 15 = 0. Let h(p) = g*z(p) - 3*c(p). Determine h(3).
0
Let j(s) = 3*s - 8. Let n(h) = -2*h + 7. Let r(b) = 3*j(b) + 4*n(b). Give r(3).
7
Let v(t) be the second derivative of t**3/6 - t**2/2 - 5*t. Give v(-6).
-7
Let z(o) be the first derivative of -o**3/3 + 4*o**2 - 9*o - 1. Let w be z(6). Let k(g) = -g - 1 - 2 + 2*g - 2*g. Calculate k(w).
-6
Let s(g) = g**3 + 5*g**2 - 9*g - 2. Suppose 5 = -3*l - 13. Calculate s(l).
16
Let u be -4*((-10)/(-8) - (-2)/(-2)). Let x(g) = -4*g**3 - 2*g**2 - g + 0*g**2 - 3*g**3. Calculate x(u).
6
Let i(l) = -3*l**3 - 6*l - 3. Let n(b) = -b**3 - b - 1. Suppose -2*r + 2 = -0*r. Let x = -10 + 6. Let t(c) = r*i(c) + x*n(c). Calculate t(-2).
-3
Let p(f) be the second derivative of -f**5/60 - 5*f**4/24 - f**3/6 + 2*f**2 - 3*f. Let m(j) be the first derivative of p(j). Give m(-5).
-1
Suppose -5*k - 23 = 4*v, 4*k - 2 = 4*v - 6. Let f(y) = y**3 + 2*y**2 - 4*y - 4. Give f(k).
-1
Let v(o) be the third derivative of -o**5/60 + o**4/8 - 2*o**2. Calculate v(3).
0
Suppose 0 = 4*u + 3*h + 25 + 10, 20 = -2*u - 2*h. Let t(d) = -d. What is t(u)?
5
Suppose 0*w + 4*w = 20. Let s(u) = -6*u + 3*u - u + w*u. Let c = 1 - 0. Determine s(c).
1
Suppose 4*z - 4 = 2*z. Let m(d) = 3*d - 2*d**2 - 3 + 5*d**2 - 2*d**z - d**3. Give m(2).
-1
Let m(i) = -i**2 - 6*i - 6. Let h = -140 - -136. What is m(h)?
2
Let y(z) = z + 5. Let f(x) = x + 2. Let d be f(4). Determine y(d).
11
Let v(n) = -n**2 - 2*n - 1. Let l = 133 + -134. Give v(l).
0
Let m(j) = -3*j + 3. Suppose 3*r + 4*r - 14 = 0. Calculate m(r).
-3
Let k = 1 - -11. Suppose -k = -j - j. Suppose -5*t - 3*c + 14 = 0, -2*c - 24 = t - j*t. Let n(r) = r**3 - 4*r**2 + 2*r - 3. Give n(t).
5
Let l(h) = -h. Let y(a) = -a**2 - 11*a + 2. Let b(t) = -6*l(t) + y(t). Let u(o) = -o**2 - 4*o + 7. Let c be u(-6). Give b(c).
2
Let r be 8 + -1 - (2 + 1). Let c(w) = -w + 3. Let o be c(r). Let f(h) be the first derivative of 7*h**4/4 + 2*h**3/3 + h**2/2 - 1. Give f(o).
-6
Suppose 9 = 3*m + 27. Let b(c) = c**3 + c**2 + 7*c + 4. Let v(n) = -n. Let r(s) = m*v(s) - b(s). What is r(0)?
-4
Let v(x) = x**2 - 4*x - 2. Let i(y) = -y + 2. Let s(f) = -f + 1. Let g(h) = i(h) - 3*s(h). Let b be g(1). Let w = b - -2. What is v(w)?
-5
Let d(o) = o**3 - 5*o**2 + 2*o + 5. Let t be d(5). Let h = 9 - t. Let g(s) = -s - 5. Give g(h).
1
Let j(x) = 1 + 6*x**2 + x**3 + 1 + 0*x**3 - 2*x**3 - 4*x. Calculate j(4).
18
Let d(x) = -9*x + 1. Suppose 0 = z - 3, 0*z - 27 = 3*b - 2*z. Let s = b - -8. What is d(s)?
-8
Suppose 0 = 9*u - 3*u + 30. Let a(b) = -b**2 - 5*b. What is a(u)?
0
Suppose 3*u = -3*w + 12, 0 = 3*u - 2*w - 14 + 2. Let c(j) = u*j**2 + 0 - 2 + 2*j - 4*j**3 + 0 + 3*j**3. What is c(4)?
6
Let g(r) = r - 1. Let p = 2 - 0. Let d = -2 - -3. Let y = p - d. Calculate g(y).
0
Suppose -38 = -13*s + 14. Let f(v) = v - 3. Determine f(s).
1
Let k(s) be the first derivative of -s**3/3 + 3*s**2/2 + 4*s + 18. Calculate k(-3).
-14
Let x(h) = h**3 + 5*h**2 + 4*h. Let g(q) = -q**3 + 5*q**2 + 9*q - 8. Let s be g(6). Suppose -3*c - 2 = s. Give x(c).
0
Let c(t) = t**3 - 1. Let a(g) = 4*g**3 - 2*g**2 + g - 2. Let y(h) = a(h) - 3*c(h). Calculate y(3).
13
Let m(f) = 0 - 3 + f + 0*f**3 + f**3 - 2*f**2. Let q(l) = -l + 1. Let o be q(-5). Let s = o - 3. What is m(s)?
9
Let x be 40/(-24) - 1/3. Let g(j) = -2*j**3 - 3*j**2 - 3*j - 3. What is g(x)?
7
Let f be (-1)/(-4)*2*18. Let j(y) = -y**3 + 8*y**2 + 8*y + 7. Let k be j(f). Let i(u) = u**3 + 3*u**2 + u - 1. What is i(k)?
1
Let w(u) = -4*u**2 - 6 + 4*u**2 + 2*u**2 + 1 + 4. Let c be 1/3 + 14/(-6). Calculate w(c).
7
Let n(r) = 2*r**2 + r**2 - 2*r + r**3 - 2 - r**2. Let c = -38 + 36. Determine n(c).
2
Let y(w) = -9*w**2 + 3 + w**3 - 8*w**2 + 14*w**2 - 1. Calculate y(2).
-2
Let l(g) be the third derivative of 7*g**5/120 + g**4/24 + g**3/3 + 4*g**2. Let d(r) be the first derivative of l(r). What is d(-1)?
-6
Let j(n) = -2*n**2 - 2*n + 4. Suppose 0*i + 4*s - 4 = -2*i, -2*s + 14 = -2*i. Calculate j(i).
-20
Let d(s) = s - 5. Let l be 108/(-30) + 3/5. Let m = l + 7. Give d(m).
-1
Let o(s) be the second derivative of -s**5/40 - 7*s**3/6 - 2*s. Let z(j) be the second derivative of o(j). Determine z(2).
-6
Let g(y) = -4*y + 1. Let b(r) 